
True
Let g be 4/(-8)*(2 - -2). Suppose -5*d + 76 + 9 = 0. Let q = g + d. Is q a prime number?
False
Suppose 1528 = 4*n - 6436. Is n prime?
False
Let n(s) = -s**2 - 1. Let o(i) = -i**3 - 4*i**2 - 9*i - 5. Let d(a) = 3*n(a) + o(a). Let m be (-1)/(-3) + 38/(-6). Is d(m) a prime number?
False
Let f = 4 - 4. Suppose 4 + f = 3*z + s, 0 = -4*z + 2*s - 8. Suppose -3*o - 5*m + 5 + 17 = z, 3*o - 2*m = 50. Is o composite?
True
Let p = 2 - 4. Is (98/(-4) - 1)*p composite?
True
Let r(n) = n**3 - 7*n**2 + 7*n + 1. Let g be r(5). Is 7/(((-6)/g)/3) prime?
False
Let n = -23 - -37. Suppose -3*i - n - 4 = 0. Is ((-38)/i)/((-1)/(-3)) a prime number?
True
Let f(y) = y**2 - 2*y. Let p be 2*(-1 - (-4)/(-8)). Is f(p) composite?
True
Let t be 113 - (1 + 0 + 2). Suppose -5*d + 3*y + t = 0, -2*d + 3*y - 10 = -45. Is d prime?
False
Suppose 2*a - a = -89. Is (1 - (-6)/(-3))*a a composite number?
False
Let a(h) = 77*h**2 + 4*h + 61. Is a(-8) composite?
False
Let k(j) = -4*j**3 + 5*j**2 + j - 2 + 3*j**3 + 0*j**3. Let a be k(5). Is a/12 + 81/12 composite?
False
Let m = 594 - 37. Is m composite?
False
Let f be (-21 - -1) + -3 + 5. Is ((-9)/f)/(2/268) prime?
True
Suppose -2*d + 446 = -4*y, 4*d = -5*y + 348 + 492. Let b = d + -148. Is b a prime number?
True
Let v = 18 - 6. Let c = 9 - v. Is 62 + 8 + -2 + c prime?
False
Let w = 12 - 5. Let s(p) = p + 8. Is s(w) prime?
False
Let p = -36 + -8. Let v = 74 + p. Suppose 8*o = 3*o + v. Is o a prime number?
False
Suppose -2*p - 1085 = -5*w, 5*w = 4*w + 3*p + 230. Is w a prime number?
False
Let d(w) = 2*w - 2. Let t be d(2). Suppose -4*g - 2*m + 2 = 0, 2*m + 2 = -8. Suppose 0 = t*s + 1 - g, s = -5*c + 846. Is c a composite number?
True
Suppose 7*c - 5*c = 4. Suppose -q + c*q = 3. Suppose s + 81 = v - 2*s, q*s = -2*v + 180. Is v a composite number?
True
Let p(j) = 33*j + 8. Is p(9) composite?
True
Let m(k) = 7*k**2 - 13*k - 1. Is m(9) prime?
True
Suppose -n - 4037 = -3*m, -3*n = -6*m + 4*m + 2689. Is m a composite number?
True
Let y be 6*2*(-4)/(-12). Suppose y*q - 383 = -67. Is q composite?
False
Let r = -326 + 537. Is r a composite number?
False
Let d = -1052 + 1521. Is d a prime number?
False
Let o(t) = t - 8. Let c be o(11). Suppose -6*v + c*v = -66. Is v a composite number?
True
Let g = 2 - -2. Suppose -g*i + 14 = -2*b, -b - b - 6 = -2*i. Suppose i*z = -6 + 218. Is z composite?
False
Suppose -4*z + 2*w = -314 + 90, -z + 4*w = -42. Suppose 17 = 5*b - z. Is 999/b + (-4)/(-10) a prime number?
True
Let i = -413 + 832. Is i prime?
True
Suppose -2*o + 456 = 3*z, z + o - 44 = 108. Suppose z = 4*d + 8. Suppose -41 = -4*k - 3*m, 4*k + 0*k + 4*m - d = 0. Is k composite?
True
Is (-4 - 21/(-5)) + 138/10 a composite number?
True
Let u(r) = -r**3 + 6*r**2 - 2*r + 5. Let n be u(6). Let z(d) = -252*d + 4. Let t(m) = 84*m - 1. Let s(x) = n*t(x) - 2*z(x). Is s(-5) composite?
False
Let l(c) = 6*c**2 + 2*c - 5. Is l(-6) a prime number?
True
Suppose 3*l = 4*f + 1, 3*l + 0*l + 5*f = 19. Let i be 358 + (1 - 4 - -2). Suppose 4*u + 158 = 2*a - u, 5*a - l*u = i. Is a composite?
True
Suppose 3*q - 3*b + 1776 = 6*q, 5*q - 2950 = 5*b. Is q prime?
False
Let k = 316 + -197. Is k a prime number?
False
Let b(t) = -t**3 + 4*t**2 + 2*t - 4. Suppose 4*g = g + 12. Let c be b(g). Suppose 12 = -4*y, c*u + 4*y - 93 = u. Is u prime?
False
Let v(n) = -n**3 + 9*n**2 + 10*n + 5. Let o be v(10). Suppose 2*g + 2*g - o*h - 261 = 0, -5*g - h = -348. Let c = 202 - g. Is c prime?
False
Suppose -3*l - 2*l + 925 = 0. Is l prime?
False
Suppose 1 = 2*m + 3. Is 1539/6 + m/(-2) a composite number?
False
Suppose 5*r = 4*k + 151, -7*k - 16 = -3*k. Let y = r + -12. Let b = 40 - y. Is b prime?
False
Suppose 3*h + 815 = 8*h. Is h a composite number?
False
Suppose 0*n = n. Is (16 - 2) + n + -3 a composite number?
False
Let k = -1482 - -2437. Is k composite?
True
Let r be (-3)/(-1) - (-1 + -84). Is (r/10)/(4/10) a composite number?
True
Suppose -127*g - 356 = -129*g. Is g composite?
True
Let u(f) be the second derivative of 3*f**5/20 + f**4/6 - f**3/3 + 3*f**2/2 - 2*f. Let o = 30 - 28. Is u(o) a prime number?
True
Let x = -156 + 301. Is x prime?
False
Suppose -2*b = -2*q - 6, -3 = 2*q - q - 5*b. Let a be (-1)/q*(9 - 0). Suppose a*g + g = 340. Is g a composite number?
True
Suppose -r - 2*g = -26, 2*g = -r + 4*r - 62. Suppose 5*d - 4*x = 107, -x = -2*d + d + r. Is d a composite number?
False
Let h = 58 + 739. Is h a composite number?
False
Let v(y) = y**2 - 8*y - 4. Let c be (-30)/(-4)*30/25. Let t be v(c). Suppose -3*d + d + t*m = -24, -4*d + m = -12. Is d prime?
True
Let g = -2 + 2. Suppose g = -2*b - d + 77, -65 = -3*b - d + 52. Is 1/(-1) + b/2 a composite number?
False
Let w = 5 - 5. Suppose -m - i = -w*m - 215, -3*m = 2*i - 641. Is m a prime number?
True
Let c(b) = 6*b + 2. Let k be c(6). Suppose -3*w - k = -2*v, 2*v - w + 2*w - 38 = 0. Is v a composite number?
False
Let s(d) = -3390*d**3 - 2*d**2 + 8*d + 9. Is s(-1) prime?
True
Suppose 5*c - 4 = -3*u + 21, 0 = 4*u. Suppose c = 2*a - 1. Suppose -2*r - a*z = -40, 0*z + 36 = 2*r + 2*z. Is r prime?
False
Let u(o) = o**3 + 5*o**2 + 2*o - 1. Let k be u(-3). Let b = -41 + k. Let r = b + 45. Is r composite?
True
Let o(z) be the second derivative of 7*z**4/12 + z**3/3 + z**2 - z. Suppose -k + 9 = -4*k. Is o(k) prime?
True
Let l = -12 - -17. Suppose 63 = l*y - 222. Is y prime?
False
Let v(q) = -2*q**2 + 5*q + 2. Let i be v(5). Let u be (-2 - -13 - 2)*i. Is u/(-6)*14/3 a prime number?
False
Let x = 14 + -12. Suppose x*z + 10 = 0, -175 = -4*b + 3*b - 2*z. Is b prime?
False
Suppose -4*m = -2*m - 286. Is m composite?
True
Suppose 147 = -4*v + 831. Suppose -3*l + 60 + v = 0. Suppose -k = 22 - l. Is k prime?
False
Suppose -4*f + 34 = -3*u, -4*u + f = -2*f + 36. Is (u/(-18))/((-1)/(-1005)) prime?
False
Let d(p) = -p**2 + 5*p. Let c be d(4). Suppose x - 211 = -5*y, 2*y + 844 = c*x - y. Is x a prime number?
True
Is 3987 - 6/(-6) - 3 a composite number?
True
Suppose -o + 7 = -2*o. Let q(k) = -11*k - 10. Is q(o) prime?
True
Let q = -80 - -258. Suppose 4*l = 210 + q. Is l composite?
False
Suppose -8*z + 202 = -10*z. Let o = 26 - z. Is o composite?
False
Let c(g) = 7*g - 1. Let r be c(-1). Let w be r*((-6)/4 - -1). Is w/6 + 337/3 composite?
False
Let s = -306 - -110. Is 6 - (0 + 3) - s a composite number?
False
Suppose -5*f - 2*c + 1457 = 0, -3*f - 3*c = -0*f - 867. Suppose f = -0*j + j. Is j composite?
False
Suppose -o = -2*s + 3, 2*o = -s + 7*o + 6. Let f = 15 - s. Is f prime?
False
Suppose a = -2*a - x + 4, 3*x + 21 = 2*a. Suppose 4*s = 2*n + 534, -5*s + a*n + 813 = 145. Is s prime?
False
Let y(t) = -22*t + 8. Let i be 3/4 + 54/(-8). Let w be y(i). Suppose -c = 3*c - w. Is c a prime number?
False
Suppose 245 = k - 5*w, k + 5*w - 179 - 36 = 0. Suppose -4*g - k = -v + 12, 2*v - 484 = -4*g. Suppose 3*a - 195 = 2*l, 5*a = -3*l + v + 102. Is a prime?
True
Suppose -r = -5*f + 574, 0 = -2*f + 3*r - 6*r + 233. Let v = -100 + 30. Let t = f - v. Is t a composite number?
True
Let c = 1 + 3. Suppose 0 = -2*k - l + 64, c*k - 34 - 90 = -3*l. Is k prime?
False
Let o(a) = -a**2 + 34*a + 7. Is o(12) a composite number?
False
Let w = 16 - 11. Is -3 + -3 + w + 39 a prime number?
False
Let x(z) = z**2 + 4*z - 4. Let t be (2/4)/((-1)/22). Let i be x(t). Suppose 0 = -3*l - 4*c + 95, 0 = 3*l - 3*c - i + 13. Is l prime?
False
Suppose p + 4*j = 119, -5*p + 3*j + 133 = -4*p. Is p a prime number?
True
Suppose 14*h + 0*h - 6986 = 0. Is h prime?
True
Let u(p) = p**3 - 5*p**2 + p. Let q be u(4). Let x be (9/q - 0)*-92. Suppose -3*z - 40 = -5*l + x, 2*l - 40 = 3*z. Is l composite?
False
Let m(r) = -r**3 + 5*r**2 - 3*r + 1. Let i(l) = -3*l - 4. Let d be i(-3). Let n = -2 + d. Is m(n) composite?
True
Suppose 3*g + 11 = 3*f + g, 0 = 5*f + 5*g + 15. Let z = 4 - f. Suppose -z*j + 447 = -0*j. Is j a prime number?
True
Suppose 3*q + 6 = -2*o, 4 = o - 3*q - 11. Suppose 0 = -5*r - 7 - o. Is (234 - 0) + (-3 - r) composite?
False
Suppose 101 + 121 = 6*k. Is k prime?
True
Let p(a) be the third derivative of 37*a**8/20160 - a**7/5040 - a**6/720 - a**5/60 - 4*a**2. Let o(b) be the third derivative of p(b). Is o(-1) prime?
True
Suppose 124 + 46 = 2*s. Let b = s - -42. Is b a prime number?
True
Suppose -4*u - 299 = -5*c + 1042, -271 = -c - 2*u. Is c prime?
True
Suppose 4*q - 3329 = -5*a, -5*q - 4*a +